 are the prime factors of 54187?
7, 7741
What are the prime factors of 65497?
65497
What are the prime factors of 12909?
3, 13, 331
List the prime factors of 91619.
11, 8329
What are the prime factors of 6325?
5, 11, 23
What are the prime factors of 100493?
100493
What are the prime factors of 1310?
2, 5, 131
List the prime factors of 112854.
2, 3, 7, 2687
List the prime factors of 11051.
43, 257
What are the prime factors of 1969?
11, 179
List the prime factors of 2582.
2, 1291
List the prime factors of 537.
3, 179
What are the prime factors of 1521?
3, 13
List the prime factors of 7912.
2, 23, 43
List the prime factors of 37889.
37889
What are the prime factors of 912?
2, 3, 19
List the prime factors of 952.
2, 7, 17
What are the prime factors of 11768?
2, 1471
What are the prime factors of 838?
2, 419
What are the prime factors of 13150?
2, 5, 263
What are the prime factors of 76936?
2, 59, 163
List the prime factors of 87985.
5, 17597
What are the prime factors of 80590?
2, 5, 8059
What are the prime factors of 3504?
2, 3, 73
What are the prime factors of 2473?
2473
List the prime factors of 1361.
1361
What are the prime factors of 121059?
3, 13451
What are the prime factors of 829?
829
List the prime factors of 1241.
17, 73
List the prime factors of 4382.
2, 7, 313
List the prime factors of 100656.
2, 3, 233
What are the prime factors of 1221?
3, 11, 37
What are the prime factors of 49997?
17, 173
List the prime factors of 594.
2, 3, 11
List the prime factors of 85945.
5, 17189
What are the prime factors of 86083?
86083
List the prime factors of 42457.
42457
What are the prime factors of 506?
2, 11, 23
List the prime factors of 6207.
3, 2069
List the prime factors of 18668.
2, 13, 359
List the prime factors of 10611.
3, 131
What are the prime factors of 42019?
42019
List the prime factors of 3585.
3, 5, 239
List the prime factors of 386.
2, 193
What are the prime factors of 16516?
2, 4129
List the prime factors of 40318.
2, 19, 1061
List the prime factors of 130.
2, 5, 13
List the prime factors of 817.
19, 43
What are the prime factors of 1689?
3, 563
What are the prime factors of 2789?
2789
List the prime factors of 43346.
2, 21673
What are the prime factors of 1810?
2, 5, 181
What are the prime factors of 6320?
2, 5, 79
List the prime factors of 2188.
2, 547
List the prime factors of 20396.
2, 5099
List the prime factors of 701.
701
What are the prime factors of 2564?
2, 641
List the prime factors of 50519.
7, 1031
List the prime factors of 4148.
2, 17, 61
List the prime factors of 8822.
2, 11, 401
What are the prime factors of 21753?
3, 2417
What are the prime factors of 2969?
2969
What are the prime factors of 1065?
3, 5, 71
List the prime factors of 77804.
2, 53, 367
List the prime factors of 143230.
2, 5, 14323
What are the prime factors of 63091?
7, 9013
What are the prime factors of 2709?
3, 7, 43
List the prime factors of 64991.
17, 3823
What are the prime factors of 59226?
2, 3, 9871
What are the prime factors of 3485?
5, 17, 41
What are the prime factors of 92?
2, 23
What are the prime factors of 32793?
3, 17, 643
What are the prime factors of 157?
157
What are the prime factors of 2125?
5, 17
List the prime factors of 13550.
2, 5, 271
What are the prime factors of 8135?
5, 1627
List the prime factors of 8594.
2, 4297
List the prime factors of 6857.
6857
What are the prime factors of 773?
773
What are the prime factors of 873?
3, 97
List the prime factors of 55.
5, 11
What are the prime factors of 59?
59
List the prime factors of 8147.
8147
List the prime factors of 176.
2, 11
What are the prime factors of 1392?
2, 3, 29
What are the prime factors of 184997?
184997
What are the prime factors of 3611?
23, 157
What are the prime factors of 177?
3, 59
What are the prime factors of 3042?
2, 3, 13
What are the prime factors of 477?
3, 53
List the prime factors of 4322.
2, 2161
What are the prime factors of 381?
3, 127
List the prime factors of 18993.
3, 13, 487
List the prime factors of 1170.
2, 3, 5, 13
List the prime factors of 15291.
3, 1699
List the prime factors of 4928.
2, 7, 11
List the prime factors of 2505.
3, 5, 167
What are the prime factors of 981?
3, 109
What are the prime factors of 8493?
3, 19, 149
List the prime factors of 21182.
2, 7, 17, 89
List the prime factors of 55162.
2, 27581
List the prime factors of 501.
3, 167
List the prime factors of 13491.
3, 1499
List the prime factors of 21890.
2, 5, 11, 199
List the prime factors of 1813.
7, 37
What are the prime factors of 3538?
2, 29, 61
What are the prime factors of 25045?
5, 5009
What are the prime factors of 24388?
2, 7, 13, 67
What are the prime factors of 449?
449
List the prime factors of 62467.
62467
What are the prime factors of 125013?
3, 7, 5953
What are the prime factors of 14449?
14449
What are the prime factors of 120103?
120103
What are the prime factors of 3559?
3559
What are the prime factors of 2501?
41, 61
What are the prime factors of 29756?
2, 43, 173
List the prime factors of 11745.
3, 5, 29
List the prime factors of 2238.
2, 3, 373
What are the prime factors of 4468?
2, 1117
What are the prime factors of 49?
7
List the prime factors of 8716.
2, 2179
List the prime factors of 1047.
3, 349
What are the prime factors of 4252?
2, 1063
What are the prime factors of 756?
2, 3, 7
List the prime factors of 1035.
3, 5, 23
What are the prime factors of 770?
2, 5, 7, 11
What are the prime factors of 2951?
13, 227
List the prime factors of 14035.
5, 7, 401
What are the prime factors of 4300?
2, 5, 43
What are the prime factors of 63098?
2, 7, 4507
List the prime factors of 1170.
2, 3, 5, 13
List the prime factors of 8792.
2, 7, 157
What are the prime factors of 9836?
2, 2459
List the prime factors of 702.
2, 3, 13
List the prime factors of 7213.
7213
List the prime factors of 769.
769
List the prime factors of 111655.
5, 137, 163
List the prime factors of 99607.
99607
What are the prime factors of 53189?
53189
List the prime factors of 102466.
2, 7, 13, 563
List the prime factors of 13446.
2, 3, 83
What are the prime factors of 28182?
2, 3, 7, 11, 61
List the prime factors of 27079.
13, 2083
What are the prime factors of 13900?
2, 5, 139
What are the prime factors of 1210?
2, 5, 11
List the prime factors of 4051.
4051
What are the prime factors of 45766?
2, 7, 467
List the prime factors of 7337.
11, 23, 29
What are the prime factors of 21047?
13, 1619
List the prime factors of 18257.
18257
What are the prime factors of 5437?
5437
What are the prime factors of 4318?
2, 17, 127
What are the prime factors of 9812?
2, 11, 223
List the prime factors of 610.
2, 5, 61
List the prime factors of 4757.
67, 71
What are the prime factors of 15885?
3, 5, 353
What are the prime factors of 2048?
2
What are the prime factors of 14690?
2, 5, 13, 113
What are the prime factors of 2174?
2, 1087
List the prime factors of 2390.
2, 5, 239
List the prime factors of 10403.
101, 103
List the prime factors of 1027.
13, 79
List the prime factors of 8431.
8431
List the prime factors of 987.
3, 7, 47
List the prime factors of 12338.
2, 31, 199
What are the prime factors of 91949?
11, 13, 643
List the prime factors of 476.
2, 7, 17
What are the prime factors of 7210?
2, 5, 7, 103
List the prime factors of 2182.
2, 1091
List the prime factors of 45926.
2, 22963
What are the prime factors of 8510?
2, 5, 23, 37
What are the prime factors of 24117?
3, 8039
What are the prime factors of 103446?
2, 3, 7, 821
List the prime factors of 1054.
2, 17, 31
What are the prime factors of 1698?
2, 3, 283
List the prime factors of 45717.
3, 7, 311
What are the prime factors of 56730?
2, 3, 5, 31, 61
List the prime factors of 111953.
111953
What are the prime factors of 1632?
2, 3, 17
What are the prime factors of 2732?
2, 683
List the prime factors of 1428.
2, 3, 7, 17
What are the prime factors of 607?
607
List the prime factors of 704.
2, 11
What are the prime factors of 57940?
2, 5, 2897
What are the prime factors of 17489?
17489
List the prime factors of 12371.
89, 139
List the prime factors of 5819.
11, 23
List the prime factors of 856.
2, 107
List the prime factors of 1230.
2, 3, 5, 41
List the prime factors of 435.
3, 5, 29
What are the prime factors of 38885?
5, 7, 11, 101
What are the pr